{"id":25,"date":"2017-10-02T16:32:10","date_gmt":"2017-10-02T14:32:10","guid":{"rendered":"http:\/\/mielleriecollectivedesbauges.com\/?page_id=25"},"modified":"2022-09-20T21:56:46","modified_gmt":"2022-09-20T19:56:46","slug":"qui-sommes-nous","status":"publish","type":"page","link":"https:\/\/mielleriecollectivedesbauges.com\/index.php\/qui-sommes-nous\/","title":{"rendered":"Notre histoire"},"content":{"rendered":"<div data-colibri-id=\"25-c1\" class=\"style-219 style-local-25-c1 position-relative\">\n  <!---->\n  <div data-colibri-component=\"section\" data-colibri-id=\"25-c2\" id=\"initial-content\" class=\"h-section h-section-global-spacing d-flex align-items-lg-center align-items-md-center align-items-center style-220 style-local-25-c2 position-relative\">\n    <!---->\n    <!---->\n    <div class=\"h-section-grid-container h-section-fluid-container\">\n      <!---->\n      <div data-colibri-id=\"25-c3\" class=\"h-row-container gutters-row-lg-2 gutters-row-md-2 gutters-row-0 gutters-row-v-lg-2 gutters-row-v-md-2 gutters-row-v-2 style-221 style-local-25-c3 position-relative\">\n        <!---->\n        <div class=\"h-row justify-content-lg-center justify-content-md-center justify-content-center align-items-lg-stretch align-items-md-stretch align-items-stretch gutters-col-lg-2 gutters-col-md-2 gutters-col-0 gutters-col-v-lg-2 gutters-col-v-md-2 gutters-col-v-2\">\n          <!---->\n          <div class=\"h-column h-column-container d-flex h-col-lg-auto h-col-md-auto h-col-auto style-222-outer style-local-25-c4-outer\">\n            <div data-colibri-id=\"25-c4\" class=\"d-flex h-flex-basis h-column__inner h-px-lg-2 h-px-md-2 h-px-2 v-inner-lg-2 v-inner-md-2 v-inner-2 style-222 style-local-25-c4 position-relative\">\n              <!---->\n              <!---->\n              <div class=\"w-100 h-y-container h-column__content h-column__v-align flex-basis-100 align-self-lg-center align-self-md-center align-self-center\">\n                <!---->\n                <div data-colibri-id=\"25-c5\" class=\"style-223 style-local-25-c5 position-relative h-element\">\n                  <!---->\n                  <div>\n                    \n                    <div class=\"wp-block-columns is-layout-flex wp-container-core-columns-is-layout-9d6595d7 wp-block-columns-is-layout-flex\">\n                      \n                      <div class=\"wp-block-column is-layout-flow wp-block-column-is-layout-flow\" style=\"flex-basis:100%\">\n                        \n                        <div class=\"wp-block-columns is-layout-flex wp-container-core-columns-is-layout-9d6595d7 wp-block-columns-is-layout-flex\">\n                          \n                          <div class=\"wp-block-column is-layout-flow wp-block-column-is-layout-flow\" style=\"flex-basis:100%\">\n                            <div class=\"wp-block-image\">\n                            <figure class=\"aligncenter\" id=\"attachment_140\">\n                              <img fetchpriority=\"high\" decoding=\"async\" width=\"300\" height=\"179\" src=\"https:\/\/mielleriecollectivedesbauges.com\/wp-content\/uploads\/2017\/10\/photo-accueil-300x179.jpg\" alt=\"\" class=\"wp-image-140\" srcset=\"https:\/\/mielleriecollectivedesbauges.com\/wp-content\/uploads\/2017\/10\/photo-accueil-300x179.jpg 300w, https:\/\/mielleriecollectivedesbauges.com\/wp-content\/uploads\/2017\/10\/photo-accueil.jpg 520w\" sizes=\"(max-width: 300px) 100vw, 300px\" \/>\n                              <figcaption>Verre de l\u2019amiti\u00e9 entre les membres du comit\u00e9 d&rsquo;administration et Monsieur CHAPPET, ancien maire de Saint-Eustache et soutien du projet.<\/figcaption>\n                            <\/figure>\n                            <\/div>\n\n                            \n                            <p>L\u2019aventure a commenc\u00e9 avec le concours des \u00ab prairies fleuries \u00bb&nbsp;cr\u00e9\u00e9 dans le Parc Naturel du Massif des Bauges. Un partenariat agriculteur-apiculteur propose alors de nombreux emplacements de ruchers dans ces prairies\n                              fleuries.<\/p>\n                            \n\n                            \n                            <p>Le projet de miellerie collective \u00e0 Saint Eustache \u00e9tait donc la suite logique de ce partenariat. La miellerie est n\u00e9e d\u2019un travail commun entre le&nbsp;\n                              <a href=\"http:\/\/www.parcdesbauges.com\/fr\/\">Parc naturel r\u00e9gional du Massif des Bauges<\/a>,&nbsp;\n                              <a href=\"http:\/\/www.la-mairie.com\/saint-eustache\">la mairie de Saint-Eustache<\/a>, le&nbsp;\n                              <a href=\"http:\/\/www.rucher-des-allobroges.com\/#Accueil.A\">Syndicat du Rucher des Allobroges,<\/a>&nbsp;\n                              <a href=\"http:\/\/www.syndapi74.fr\/\">le Syndicat d\u2019Apiculture de Haute-Savoie<\/a>&nbsp;et&nbsp;&nbsp;\n                              <a href=\"http:\/\/www.iseta.fr\/\">l\u2019Institut des Sciences de l\u2019Environnement et des Territoires d\u2019Annecy (ISETA)<\/a>.<\/p>\n                            \n\n                            \n                            <p>Notre miellerie collective a vu le jour d\u00e9but juin 2016 sur la commune de Saint Eustache.<\/p>\n                            \n\n                            \n                            <p>\n                              <a href=\"https:\/\/youtube.com\/watch?v=lYO83WVVx90%3Ffeature%3Doembed\">https:\/\/youtube.com\/watch?v=lYO83WVVx90%3Ffeature%3Doembed<\/a>\n                            <\/p>\n                            \n\n                            \n                            <p>Vid\u00e9o pr\u00e9sentant le partenariat entre apiculteurs et agriculteurs dans le Parc Naturel R\u00e9gional des Bauges<\/p>\n                            \n\n                            \n                            <ul class=\"wp-block-list\">\n                              <li><strong>L\u2019espace et les \u00e9quipements que nous vous proposons&nbsp;<\/strong><\/li>\n                              <li><strong>Cr\u00e9ation et installation d\u2019un rucher et jardin p\u00e9dagogique pour accueillir les scolaires<\/strong><\/li>\n                            <\/ul>\n                            \n\n                            \n                            <p>Depuis sa cr\u00e9ation, une des vocations essentielles de notre association a \u00e9t\u00e9 d\u2019accueillir et de transmettre notre passion \u00e0 destination de tous les publics. Nous avons donc d\u00e9cid\u00e9 de d\u00e9dier une partie de nos activit\u00e9s \u00e0 l\u2019accueil\n                              de scolaires de toutes sections (des classes \u00e9l\u00e9mentaires jusqu\u2019au niveau lyc\u00e9e). En partenariat avec les \u00e9tudiants de BTS GPN de l\u2019Iseta, nous avons donc cr\u00e9e un rucher p\u00e9dagogique et un jardin de plantes mellif\u00e8res afin\n                              d\u2019accueillir dans un espace vivant, des \u00e9l\u00e8ves et\/ou des adultes.<\/p>\n                            \n\n                            <div class=\"wp-block-image\">\n                            <figure class=\"alignleft\">\n                              <a href=\"https:\/\/mielleriecollectivedesbauges.com\/index.php\/qui-sommes-nous\/35295873_754332508107080_783960071301234688_o\/\">\n                                <img decoding=\"async\" src=\"https:\/\/mielleriecollectivedesbauges.com\/wp-content\/uploads\/2019\/03\/35295873_754332508107080_783960071301234688_o-300x225.jpg\" alt=\"\">\n                              <\/a>\n                            <\/figure>\n                            <\/div>\n\n                            <div class=\"wp-block-image\">\n                            <figure class=\"aligncenter\">\n                              <a href=\"https:\/\/mielleriecollectivedesbauges.com\/index.php\/qui-sommes-nous\/35531061_754336551440009_3710784334232289280_o\/\">\n                                <img decoding=\"async\" src=\"https:\/\/mielleriecollectivedesbauges.com\/wp-content\/uploads\/2019\/03\/35531061_754336551440009_3710784334232289280_o-300x222.jpg\" alt=\"\">\n                              <\/a>\n                            <\/figure>\n                            <\/div>\n\n                            <div class=\"wp-block-image\">\n                            <figure class=\"alignleft\">\n                              <a href=\"https:\/\/mielleriecollectivedesbauges.com\/index.php\/qui-sommes-nous\/35686698_754332498107081_5885789119052775424_o\/\">\n                                <img decoding=\"async\" src=\"https:\/\/mielleriecollectivedesbauges.com\/wp-content\/uploads\/2019\/03\/35686698_754332498107081_5885789119052775424_o-225x300.jpg\" alt=\"\">\n                              <\/a>\n                            <\/figure>\n                            <\/div>\n\n                            <div class=\"wp-block-image\">\n                            <figure class=\"aligncenter\">\n                              <a href=\"https:\/\/mielleriecollectivedesbauges.com\/index.php\/qui-sommes-nous\/35842476_754332651440399_2947882732396478464_o\/\">\n                                <img decoding=\"async\" src=\"https:\/\/mielleriecollectivedesbauges.com\/wp-content\/uploads\/2019\/03\/35842476_754332651440399_2947882732396478464_o-300x225.jpg\" alt=\"\">\n                              <\/a>\n                            <\/figure>\n                            <\/div>\n\n                            \n                            <p><\/p>\n                            \n\n                            \n                            <p><\/p>\n                            \n\n                            <div class=\"wp-block-image\">\n                            <figure class=\"aligncenter\">\n                              <a href=\"https:\/\/mielleriecollectivedesbauges.com\/index.php\/2018\/03\/25\/mise-en-lumiere-de-notre-projet-de-rucher-pedagogique\/article-dl-14-mars\/\">\n                                <img decoding=\"async\" width=\"1733\" height=\"837\" src=\"https:\/\/mielleriecollectivedesbauges.com\/wp-content\/uploads\/2018\/03\/Article-DL-14-mars.jpg\" alt=\"\" class=\"wp-image-698\" srcset=\"https:\/\/mielleriecollectivedesbauges.com\/wp-content\/uploads\/2018\/03\/Article-DL-14-mars.jpg 1733w, https:\/\/mielleriecollectivedesbauges.com\/wp-content\/uploads\/2018\/03\/Article-DL-14-mars-300x145.jpg 300w, https:\/\/mielleriecollectivedesbauges.com\/wp-content\/uploads\/2018\/03\/Article-DL-14-mars-768x371.jpg 768w, https:\/\/mielleriecollectivedesbauges.com\/wp-content\/uploads\/2018\/03\/Article-DL-14-mars-1024x495.jpg 1024w, https:\/\/mielleriecollectivedesbauges.com\/wp-content\/uploads\/2018\/03\/Article-DL-14-mars-600x290.jpg 600w\" sizes=\"(max-width: 1733px) 100vw, 1733px\" \/>\n                              <\/a>\n                            <\/figure>\n                            <\/div>\n\n                            <div class=\"wp-block-image\">\n                            <figure class=\"aligncenter is-resized\">\n                              <a href=\"https:\/\/mielleriecollectivedesbauges.com\/wp-content\/uploads\/2018\/03\/api.jpg\">\n                                <img decoding=\"async\" src=\"https:\/\/mielleriecollectivedesbauges.com\/wp-content\/uploads\/2018\/03\/api-293x300.jpg\" alt=\"\" class=\"wp-image-819\" width=\"471\" height=\"482\" srcset=\"https:\/\/mielleriecollectivedesbauges.com\/wp-content\/uploads\/2018\/03\/api-293x300.jpg 293w, https:\/\/mielleriecollectivedesbauges.com\/wp-content\/uploads\/2018\/03\/api-768x787.jpg 768w, https:\/\/mielleriecollectivedesbauges.com\/wp-content\/uploads\/2018\/03\/api.jpg 840w\" sizes=\"(max-width: 471px) 100vw, 471px\" \/>\n                              <\/a>\n                            <\/figure>\n                            <\/div>\n                          <\/div>\n                          \n                        <\/div>\n                        \n                      <\/div>\n                      \n                    <\/div>\n                    \n                  <\/div>\n                <\/div>\n              <\/div>\n            <\/div>\n          <\/div>\n        <\/div>\n      <\/div>\n    <\/div>\n  <\/div>\n  <div data-colibri-component=\"section\" data-colibri-id=\"25-c16\" id=\"custom-2\" class=\"h-section h-section-global-spacing d-flex align-items-lg-center align-items-md-center align-items-center style-258 style-local-25-c16 position-relative\">\n    <!---->\n    <!---->\n    <div class=\"h-section-grid-container h-section-boxed-container\">\n      <!---->\n      <div data-colibri-id=\"25-c26\" class=\"h-row-container gutters-row-lg-2 gutters-row-md-2 gutters-row-0 gutters-row-v-lg-2 gutters-row-v-md-2 gutters-row-v-2 style-268 style-local-25-c26 position-relative\">\n        <!---->\n        <div class=\"h-row justify-content-lg-center justify-content-md-center justify-content-center align-items-lg-stretch align-items-md-stretch align-items-stretch gutters-col-lg-2 gutters-col-md-2 gutters-col-0 gutters-col-v-lg-2 gutters-col-v-md-2 gutters-col-v-2\">\n          <!---->\n          <div class=\"h-column h-column-container d-flex h-col-lg-auto h-col-md-auto h-col-auto style-269-outer style-local-25-c27-outer\">\n            <div data-colibri-id=\"25-c27\" class=\"d-flex h-flex-basis h-column__inner h-px-lg-2 h-px-md-2 h-px-2 v-inner-lg-2 v-inner-md-2 v-inner-2 style-269 style-local-25-c27 position-relative\">\n              <!---->\n              <!---->\n              <div class=\"w-100 h-y-container h-column__content h-column__v-align flex-basis-100 align-self-lg-start align-self-md-start align-self-start\">\n                <!---->\n                <div data-colibri-id=\"25-c28\" class=\"h-text h-text-component style-270 style-local-25-c28 position-relative h-element\">\n                  <!---->\n                  <!---->\n                  <div class=\"\">\n                    <p>Partenaires ayant soutenu notre projet :<\/p>\n                  <\/div>\n                <\/div>\n              <\/div>\n            <\/div>\n          <\/div>\n        <\/div>\n      <\/div>\n    <\/div>\n  <\/div>\n  <div data-colibri-component=\"section\" data-colibri-id=\"25-c21\" id=\"custom\" class=\"h-section h-section-global-spacing d-flex align-items-lg-center align-items-md-center align-items-center style-263 style-local-25-c21 position-relative\">\n    <!---->\n    <!---->\n    <div class=\"h-section-grid-container h-section-boxed-container\">\n      <!---->\n      <div data-colibri-id=\"25-c22\" class=\"h-row-container gutters-row-lg-2 gutters-row-md-2 gutters-row-0 gutters-row-v-lg-2 gutters-row-v-md-2 gutters-row-v-2 style-264 style-local-25-c22 position-relative\">\n        <!---->\n        <div class=\"h-row justify-content-lg-center justify-content-md-center justify-content-center align-items-lg-stretch align-items-md-stretch align-items-stretch gutters-col-lg-2 gutters-col-md-2 gutters-col-0 gutters-col-v-lg-2 gutters-col-v-md-2 gutters-col-v-2\">\n          <!---->\n          <div class=\"h-column h-column-container d-flex h-col-lg-auto h-col-md-auto h-col-auto style-265-outer style-local-25-c23-outer\">\n            <div data-colibri-id=\"25-c23\" class=\"d-flex h-flex-basis h-column__inner h-px-lg-2 h-px-md-2 h-px-2 v-inner-lg-2 v-inner-md-2 v-inner-2 style-265 style-local-25-c23 position-relative\">\n              <!---->\n              <!---->\n              <div class=\"w-100 h-y-container h-column__content h-column__v-align flex-basis-100 align-self-lg-start align-self-md-start align-self-start\">\n                <!---->\n                <div data-colibri-id=\"25-c9\" class=\"d-block style-241 style-local-25-c9 position-relative h-element\">\n                  <!---->\n                  <div class=\"h-image__frame-container-outer\">\n                    <div class=\"h-image__frame-container\">\n                      <!---->\n                      <!---->\n                      <img loading=\"lazy\" decoding=\"async\" width=\"800\" height=\"398\" src=\"https:\/\/mielleriecollectivedesbauges.com\/wp-content\/uploads\/2022\/09\/cropped-Sherpa_logo_2009.png\" class=\"wp-image-1302 style-241-image style-local-25-c9-image\" alt=\"\" srcset=\"https:\/\/mielleriecollectivedesbauges.com\/wp-content\/uploads\/2022\/09\/cropped-Sherpa_logo_2009.png 800w, https:\/\/mielleriecollectivedesbauges.com\/wp-content\/uploads\/2022\/09\/cropped-Sherpa_logo_2009-300x149.png 300w, https:\/\/mielleriecollectivedesbauges.com\/wp-content\/uploads\/2022\/09\/cropped-Sherpa_logo_2009-768x382.png 768w\" sizes=\"(max-width: 800px) 100vw, 800px\" \/>\n                      <div class=\"h-image__frame h-hide-lg h-hide-md h-hide-sm style-241-frameImage style-local-25-c9-frameImage\"><\/div>\n                    <\/div>\n                  <\/div>\n                <\/div>\n              <\/div>\n            <\/div>\n          <\/div>\n          <div class=\"h-column h-column-container d-flex h-col-lg-auto h-col-md-auto h-col-auto style-266-outer style-local-25-c24-outer\">\n            <div data-colibri-id=\"25-c24\" class=\"d-flex h-flex-basis h-column__inner h-px-lg-2 h-px-md-2 h-px-2 v-inner-lg-2 v-inner-md-2 v-inner-2 style-266 style-local-25-c24 position-relative\">\n              <!---->\n              <!---->\n              <div class=\"w-100 h-y-container h-column__content h-column__v-align flex-basis-100 align-self-lg-start align-self-md-start align-self-start\">\n                <!---->\n                <div data-colibri-id=\"25-c11\" class=\"d-block style-238 style-local-25-c11 position-relative h-element\">\n                  <!---->\n                  <div class=\"h-image__frame-container-outer\">\n                    <div class=\"h-image__frame-container\">\n                      <!---->\n                      <!---->\n                      <img loading=\"lazy\" decoding=\"async\" width=\"1929\" height=\"896\" src=\"https:\/\/mielleriecollectivedesbauges.com\/wp-content\/uploads\/2022\/09\/cropped-logo_GeoparcBauges.png\" class=\"wp-image-1298 style-238-image style-local-25-c11-image\" alt=\"\" srcset=\"https:\/\/mielleriecollectivedesbauges.com\/wp-content\/uploads\/2022\/09\/cropped-logo_GeoparcBauges.png 1929w, https:\/\/mielleriecollectivedesbauges.com\/wp-content\/uploads\/2022\/09\/cropped-logo_GeoparcBauges-300x139.png 300w, https:\/\/mielleriecollectivedesbauges.com\/wp-content\/uploads\/2022\/09\/cropped-logo_GeoparcBauges-1024x476.png 1024w, https:\/\/mielleriecollectivedesbauges.com\/wp-content\/uploads\/2022\/09\/cropped-logo_GeoparcBauges-768x357.png 768w, https:\/\/mielleriecollectivedesbauges.com\/wp-content\/uploads\/2022\/09\/cropped-logo_GeoparcBauges-1536x713.png 1536w\" sizes=\"(max-width: 1929px) 100vw, 1929px\" \/>\n                      <div class=\"h-image__frame h-hide-lg h-hide-md h-hide-sm style-238-frameImage style-local-25-c11-frameImage\"><\/div>\n                    <\/div>\n                  <\/div>\n                <\/div>\n              <\/div>\n            <\/div>\n          <\/div>\n          <div class=\"h-column h-column-container d-flex h-col-lg-auto h-col-md-auto h-col-auto style-267-outer style-local-25-c25-outer\">\n            <div data-colibri-id=\"25-c25\" class=\"d-flex h-flex-basis h-column__inner h-px-lg-2 h-px-md-2 h-px-2 v-inner-lg-2 v-inner-md-2 v-inner-2 style-267 style-local-25-c25 position-relative\">\n              <!---->\n              <!---->\n              <div class=\"w-100 h-y-container h-column__content h-column__v-align flex-basis-100 align-self-lg-start align-self-md-start align-self-start\">\n                <!---->\n                <div data-colibri-id=\"25-c13\" class=\"d-block style-240 style-local-25-c13 position-relative h-element\">\n                  <!---->\n                  <div class=\"h-image__frame-container-outer\">\n                    <div class=\"h-image__frame-container\">\n                      <!---->\n                      <!---->\n                      <img loading=\"lazy\" decoding=\"async\" width=\"2955\" height=\"1435\" src=\"https:\/\/mielleriecollectivedesbauges.com\/wp-content\/uploads\/2022\/09\/cropped-iseta.png\" class=\"wp-image-1300 style-240-image style-local-25-c13-image\" alt=\"\" srcset=\"https:\/\/mielleriecollectivedesbauges.com\/wp-content\/uploads\/2022\/09\/cropped-iseta.png 2955w, https:\/\/mielleriecollectivedesbauges.com\/wp-content\/uploads\/2022\/09\/cropped-iseta-300x146.png 300w, https:\/\/mielleriecollectivedesbauges.com\/wp-content\/uploads\/2022\/09\/cropped-iseta-1024x497.png 1024w, https:\/\/mielleriecollectivedesbauges.com\/wp-content\/uploads\/2022\/09\/cropped-iseta-768x373.png 768w, https:\/\/mielleriecollectivedesbauges.com\/wp-content\/uploads\/2022\/09\/cropped-iseta-1536x746.png 1536w, https:\/\/mielleriecollectivedesbauges.com\/wp-content\/uploads\/2022\/09\/cropped-iseta-2048x995.png 2048w\" sizes=\"(max-width: 2955px) 100vw, 2955px\" \/>\n                      <div class=\"h-image__frame h-hide-lg h-hide-md h-hide-sm style-240-frameImage style-local-25-c13-frameImage\"><\/div>\n                    <\/div>\n                  <\/div>\n                <\/div>\n              <\/div>\n            <\/div>\n          <\/div>\n        <\/div>\n      <\/div>\n    <\/div>\n  <\/div>\n<\/div>","protected":false},"excerpt":{"rendered":"<p>L\u2019aventure a commenc\u00e9 avec le concours des \u00ab prairies fleuries \u00bb&nbsp;cr\u00e9\u00e9 dans le Parc Naturel du Massif des Bauges. Un partenariat agriculteur-apiculteur propose alors de nombreux emplacements de ruchers dans ces prairies fleuries. Le projet de miellerie collective \u00e0 Saint Eustache \u00e9tait donc la suite logique de ce partenariat. La miellerie est n\u00e9e d\u2019un travail [&hellip;]<\/p>\n","protected":false},"author":1,"featured_media":1038,"parent":0,"menu_order":0,"comment_status":"closed","ping_status":"closed","template":"page-templates\/full-width-page.php","meta":{"_exactmetrics_skip_tracking":false,"_exactmetrics_sitenote_active":false,"_exactmetrics_sitenote_note":"","_exactmetrics_sitenote_category":0,"footnotes":""},"class_list":["post-25","page","type-page","status-publish","has-post-thumbnail","hentry"],"jetpack_sharing_enabled":true,"_links":{"self":[{"href":"https:\/\/mielleriecollectivedesbauges.com\/index.php\/wp-json\/wp\/v2\/pages\/25","targetHints":{"allow":["GET"]}}],"collection":[{"href":"https:\/\/mielleriecollectivedesbauges.com\/index.php\/wp-json\/wp\/v2\/pages"}],"about":[{"href":"https:\/\/mielleriecollectivedesbauges.com\/index.php\/wp-json\/wp\/v2\/types\/page"}],"author":[{"embeddable":true,"href":"https:\/\/mielleriecollectivedesbauges.com\/index.php\/wp-json\/wp\/v2\/users\/1"}],"replies":[{"embeddable":true,"href":"https:\/\/mielleriecollectivedesbauges.com\/index.php\/wp-json\/wp\/v2\/comments?post=25"}],"version-history":[{"count":20,"href":"https:\/\/mielleriecollectivedesbauges.com\/index.php\/wp-json\/wp\/v2\/pages\/25\/revisions"}],"predecessor-version":[{"id":1333,"href":"https:\/\/mielleriecollectivedesbauges.com\/index.php\/wp-json\/wp\/v2\/pages\/25\/revisions\/1333"}],"wp:featuredmedia":[{"embeddable":true,"href":"https:\/\/mielleriecollectivedesbauges.com\/index.php\/wp-json\/wp\/v2\/media\/1038"}],"wp:attachment":[{"href":"https:\/\/mielleriecollectivedesbauges.com\/index.php\/wp-json\/wp\/v2\/media?parent=25"}],"curies":[{"name":"wp","href":"https:\/\/api.w.org\/{rel}","templated":true}]}}