{"id":166,"date":"2017-10-09T10:25:44","date_gmt":"2017-10-09T08:25:44","guid":{"rendered":"http:\/\/mielleriecollectivedesbauges.com\/?page_id=166"},"modified":"2023-04-01T13:59:06","modified_gmt":"2023-04-01T11:59:06","slug":"actualitesderniers-articles-mis-en-ligne","status":"publish","type":"page","link":"https:\/\/mielleriecollectivedesbauges.com\/index.php\/actualitesderniers-articles-mis-en-ligne\/","title":{"rendered":"Articles g\u00e9n\u00e9raux"},"content":{"rendered":"\n<h4 class=\"wp-block-heading has-text-align-center\">\u2013 Campagne de d\u00e9claration de ruches &#8211; <\/h4>\n\n\n\n<p>Tout apiculteur est tenu de d\u00e9clarer chaque ann\u00e9e entre le 1er septembre et le 31 d\u00e9cembre de chaque ann\u00e9e, les colonies d\u2019abeilles dont il est propri\u00e9taire ou d\u00e9tenteur. Cette d\u00e9claration concourt \u00e0 une meilleure connaissance du cheptel apicole fran\u00e7ais et participe \u00e0 sa gestion sanitaire, notamment face \u00e0 la menace que repr\u00e9sente le parasite Aethina tumida. Elle permet \u00e9galement d\u2019obtenir des aides europ\u00e9ennes dans le cadre du Plan apicole europ\u00e9en qui soutient la r\u00e9alisation d\u2019actions en faveur de la fili\u00e8re apicole fran\u00e7aise.<\/p>\n\n\n\n<p>La campagne de d\u00e9claration de ruches 2022 est ouverte depuis le 1er septembre et s\u2019ach\u00e8vera le 31 d\u00e9cembre 2022 \u00e0 minuit. La d\u00e9claration de ruches 2022 est \u00e0 r\u00e9aliser en ligne sur le site\u00a0<a rel=\"noreferrer noopener\" href=\"http:\/\/mesdemarches.agriculture.gouv.fr\/demarches\/exploitation-agricole\/obtenir-un-droit-une-autorisation\/article\/declarer-des-ruches-294?id_rubrique=11\" target=\"_blank\">Mes d\u00e9marches<\/a>\u00a0du Minist\u00e8re de l\u2019Agriculture et de l\u2019Alimentation (<a rel=\"noreferrer noopener\" href=\"https:\/\/agriculture-portail.6tzen.fr\/default\/requests\/Cerfa13995\/\" target=\"_blank\">cliquez ici<\/a>). Cette d\u00e9claration existe, au m\u00eame titre que ce qui avait \u00e9t\u00e9 fait en 2021.<\/p>\n\n\n\n<p><\/p>\n\n\n\n<p class=\"has-text-align-center\"><strong>ATTENTION CHANGEMENTS 2022&nbsp;:<\/strong><strong><\/strong><\/p>\n\n\n\n<ul class=\"wp-block-list\">\n<li><strong>Le formulaire Cerfa de d\u00e9claration de ruches a chang\u00e9 et la version en vigueur est le&nbsp;<a href=\"https:\/\/www.formulaires.service-public.fr\/gf\/cerfa_13995.do\">Cerfa N\u00b0&nbsp;13995*05<\/a>.<\/strong><\/li>\n\n\n\n<li><strong>L\u2019adresse pour l\u2019envoi de votre Cerfa papier a chang\u00e9<\/strong>. Il sera \u00e0 renvoyer \u00e0 la nouvelle adresse suivante&nbsp;:<\/li>\n<\/ul>\n\n\n\n<p><strong>SMSI \/ DGAL<br>45 RUE ARSENE LACARRIERE LATOUR<br>15220 SAINT-MAMET<\/strong><\/p>\n\n\n\n<p>Le d\u00e9lai d\u2019obtention d\u2019un r\u00e9c\u00e9piss\u00e9 de d\u00e9claration de ruches est d\u2019environ 2 mois \u00e0 compter de la r\u00e9ception. Les d\u00e9clarations r\u00e9alis\u00e9es sur papier libre ou sur des anciennes versions de Cerfa ainsi que celles qui sont illisibles et incompl\u00e8tes ne sont pas recevables. Les d\u00e9clarations papier ne seront pas enregistr\u00e9es en dehors de la p\u00e9riode obligatoire.<\/p>\n\n\n\n<p><a href=\"https:\/\/agriculture-portail.6tzen.fr\/default\/requests\/Cerfa13995\/\" target=\"_blank\" rel=\"noreferrer noopener\">T\u00e9l\u00e9proc\u00e9dure de d\u00e9claration, c&rsquo;est ici<\/a><\/p>\n\n\n\n<p><a href=\"https:\/\/www.mesdemarches.agriculture.gouv.fr\/demarches\/particulier\/effectuer-une-declaration-55\/article\/declarer-des-ruches\" target=\"_blank\" rel=\"noreferrer noopener\">Site du minist\u00e8re de l&rsquo;Agriculture \/ D\u00e9clarer mes ruches<\/a><\/p>\n\n\n\n<p><a href=\"\/Users\/Utilisateur\/Downloads\/200722_FAQ_Declarer_des_ruches-2.pdf\" target=\"_blank\" rel=\"noreferrer noopener\">Vers la foire aux questions du Minist\u00e8re de l&rsquo;agriculture<\/a> <\/p>\n\n\n\n<p><\/p>\n\n\n\n<hr class=\"wp-block-separator has-alpha-channel-opacity\"\/>\n\n\n\n<h4 class=\"wp-block-heading has-text-align-center\">\u2013 Surveillance et lutte du frelon asiatique<\/h4>\n\n\n<div class=\"wp-block-image\">\n<figure class=\"aligncenter is-resized\"><img fetchpriority=\"high\" decoding=\"async\" src=\"https:\/\/mielleriecollectivedesbauges.com\/wp-content\/uploads\/2017\/10\/frelon-205x300.jpg\" alt=\"\" class=\"wp-image-196\" width=\"276\" height=\"404\" srcset=\"https:\/\/mielleriecollectivedesbauges.com\/wp-content\/uploads\/2017\/10\/frelon-205x300.jpg 205w, https:\/\/mielleriecollectivedesbauges.com\/wp-content\/uploads\/2017\/10\/frelon.jpg 579w\" sizes=\"(max-width: 276px) 100vw, 276px\" \/><\/figure>\n<\/div>\n\n\n<p>Le frelon asiatique,&nbsp;<em>Vespa velutina<\/em>, est une esp\u00e8ce invasive introduite r\u00e9cemment en France.&nbsp;Le frelon asiatique se poste en vol stationnaire devant les entr\u00e9es des ruches. Lorsqu\u2019une abeille s\u2019envole ou rentre dans la ruche, il la saisit avec ses pattes, par dessus, emp\u00eachant ainsi l\u2019abeille de le piquer. Il la d\u00e9coupe pour n\u2019en garder que le thorax qu\u2019il utilisera pour nourrir les larves.&nbsp;Si les proies du frelon asiatique sont principalement des abeilles mellif\u00e8res (84% des proies ramen\u00e9es aux nids des frelons), le frelon asiatique s\u2019attaque aussi aux mouches, abeilles solitaires, gu\u00eapes et bourdons (18% des proies). Le frelon asiatique repr\u00e9sente donc, comme toutes les esp\u00e8ces invasives, un danger pour la biodiversit\u00e9.<\/p>\n\n\n\n<p>Face \u00e0 ce fl\u00e9au, un r\u00e9seau de surveillance a \u00e9t\u00e9 mis en place et nous invitons tous les apiculteurs a y prendre part.<\/p>\n\n\n\n<p class=\"has-text-align-center\"><strong>Ne pas le confondre avec le frelon europ\u00e9en sans danger :<\/strong><\/p>\n\n\n<div class=\"wp-block-image\">\n<figure class=\"aligncenter size-full\"><img decoding=\"async\" width=\"474\" height=\"632\" src=\"https:\/\/mielleriecollectivedesbauges.com\/wp-content\/uploads\/2023\/04\/Frelons-Differences.png\" alt=\"\" class=\"wp-image-1578\" srcset=\"https:\/\/mielleriecollectivedesbauges.com\/wp-content\/uploads\/2023\/04\/Frelons-Differences.png 474w, https:\/\/mielleriecollectivedesbauges.com\/wp-content\/uploads\/2023\/04\/Frelons-Differences-225x300.png 225w\" sizes=\"(max-width: 474px) 100vw, 474px\" \/><\/figure>\n<\/div>\n\n\n<p><a href=\"https:\/\/www.apiculture.net\/blog\/savoir-differencier-le-frelon-asiatique-de-l-europeen-n181#:~:text=Le%20frelon%20asiatique%20ou%20%C2%AB%20vespa,l'arri%C3%A8re%20de%20son%20corps.\" target=\"_blank\" rel=\"noreferrer noopener\">Reconna\u00eetre le frelon asiatique du frelon europ\u00e9en \/ Apiculture.net<\/a> <\/p>\n\n\n\n<p>Vous pourrez identifier et lutter contre ce pr\u00e9dateur, en vous rendant sur la page de la&nbsp;<a href=\"http:\/\/www.haute-savoie.gouv.fr\/Politiques-publiques\/Protection-et-sante-animale\/Animaux-d-elevage\/Frelon-asiatique-identification-et-lutte\">Pr\u00e9fecture de Haute-Savoie<\/a>&nbsp;ou encore sur&nbsp;<a href=\"http:\/\/www.fredonra.com\/formations\/frelon-asiatique\/\">le Portail du R\u00e9seau FREDON-FDGDON en Rh\u00f4ne-Alpes<\/a>. Merci pour votre vigilance !<\/p>\n\n\n\n<hr class=\"wp-block-separator has-alpha-channel-opacity\"\/>\n\n\n\n<h4 class=\"wp-block-heading has-text-align-center\">\u2013 Le 3 juillet 2017 \u2013 P\u00e9tition&nbsp;<strong>\u00ab&nbsp;Arr\u00eatons le glyphosate&nbsp;\u00bb<\/strong><\/h4>\n\n\n<div class=\"wp-block-image\">\n<figure class=\"aligncenter\"><img decoding=\"async\" width=\"300\" height=\"160\" src=\"https:\/\/mielleriecollectivedesbauges.com\/wp-content\/uploads\/2017\/10\/glyphosate-300x160.png\" alt=\"\" class=\"wp-image-92\" srcset=\"https:\/\/mielleriecollectivedesbauges.com\/wp-content\/uploads\/2017\/10\/glyphosate-300x160.png 300w, https:\/\/mielleriecollectivedesbauges.com\/wp-content\/uploads\/2017\/10\/glyphosate.png 307w\" sizes=\"(max-width: 300px) 100vw, 300px\" \/><\/figure>\n<\/div>\n\n\n<p>L\u2019Europe doit prochainement se prononcer sur la r\u00e9-autorisation&nbsp;ou non du glyphosate. L\u2019herbicide le plus utilis\u00e9 au monde a \u00e9t\u00e9 qualifi\u00e9 de probablement canc\u00e9rig\u00e8ne par l\u2019OMS. Faites entendre votre voix pour dire \u00ab&nbsp;Arr\u00eatons le glyphosate&nbsp;\u00bb et signez l\u2019<a href=\"https:\/\/stopglyphosate.org\/fr\/?utm_source=link&amp;utm_medium=website&amp;utm_campaign=fr_unaf\">Initiative Citoyenne Europ\u00e9enne<\/a>.<\/p>\n\n\n\n<p>Le&nbsp;glyphosate, c\u2019est la mol\u00e9cule active du&nbsp;Roundup, l\u2019herbicide le plus vendu au monde et qui jaunit nos campagnes en ce d\u00e9but de printemps. L\u2019Organisation Mondiale pour la Sant\u00e9 l\u2019a class\u00e9 il y a quelques mois comme probablement canc\u00e9rig\u00e8ne et ses d\u00e9g\u00e2ts sur la biodiversit\u00e9 sont aujourd\u2019hui ind\u00e9niables. La Commission europ\u00e9enne a report\u00e9 de plusieurs mois sa d\u00e9cision de prolongation ou non de l\u2019autorisation du glyphosate. Dans l\u2019intervalle,&nbsp;<a href=\"http:\/\/www.lemonde.fr\/planete\/article\/2017\/03\/18\/ce-que-les-monsanto-papers-revelent-du-roundup_5096602_3244.html\">la controverse scientifique<\/a>&nbsp;fait rage et le lobbying industriel est intense&nbsp;!<\/p>\n\n\n\n<p>Afin de faire entendre la voix de la soci\u00e9t\u00e9 civile, une coalition d\u2019organisations europ\u00e9ennes mobilise les citoyens au travers de l\u2019Initiative Citoyenne Europ\u00e9enne (ICE) \u00ab&nbsp;STOP Glyphosate&nbsp;\u00bb. L\u2019ICE permet \u00e0 un million de citoyens de l\u2019UE de participer directement \u00e0 l\u2019\u00e9laboration des politiques en invitant la Commission europ\u00e9enne \u00e0 pr\u00e9senter une proposition l\u00e9gislative. Cette ICE demande \u00e0 la Commission de proposer aux Etats membres l\u2019interdiction du glyphosate et de maintenir la pression sur le sujet.<\/p>\n\n\n\n<p>Munissez-vous de votre carte d\u2019identit\u00e9 ou de votre passeport (informations de rigueur requises pour la validit\u00e9 d\u2019une ICE) et \u00e0 vos claviers&nbsp;!<\/p>\n\n\n\n<p><a href=\"https:\/\/stopglyphosate.org\/fr\/?utm_source=link&amp;utm_medium=website&amp;utm_campaign=fr_unaf\">Rendez-vous sur stopglyphosate.org\/fr\/<\/a>&nbsp;!<\/p>\n\n\n\n<pre class=\"wp-block-preformatted\"><\/pre>\n","protected":false},"excerpt":{"rendered":"<p>\u2013 Campagne de d\u00e9claration de ruches &#8211; Tout apiculteur est tenu de d\u00e9clarer chaque ann\u00e9e entre le 1er septembre et le 31 d\u00e9cembre de chaque ann\u00e9e, les colonies d\u2019abeilles dont il est propri\u00e9taire ou d\u00e9tenteur. Cette d\u00e9claration concourt \u00e0 une meilleure connaissance du cheptel apicole fran\u00e7ais et participe \u00e0 sa gestion sanitaire, notamment face \u00e0 [&hellip;]<\/p>\n","protected":false},"author":1,"featured_media":0,"parent":0,"menu_order":0,"comment_status":"closed","ping_status":"closed","template":"","meta":{"_exactmetrics_skip_tracking":false,"_exactmetrics_sitenote_active":false,"_exactmetrics_sitenote_note":"","_exactmetrics_sitenote_category":0,"footnotes":""},"class_list":["post-166","page","type-page","status-publish","hentry"],"jetpack_sharing_enabled":true,"_links":{"self":[{"href":"https:\/\/mielleriecollectivedesbauges.com\/index.php\/wp-json\/wp\/v2\/pages\/166","targetHints":{"allow":["GET"]}}],"collection":[{"href":"https:\/\/mielleriecollectivedesbauges.com\/index.php\/wp-json\/wp\/v2\/pages"}],"about":[{"href":"https:\/\/mielleriecollectivedesbauges.com\/index.php\/wp-json\/wp\/v2\/types\/page"}],"author":[{"embeddable":true,"href":"https:\/\/mielleriecollectivedesbauges.com\/index.php\/wp-json\/wp\/v2\/users\/1"}],"replies":[{"embeddable":true,"href":"https:\/\/mielleriecollectivedesbauges.com\/index.php\/wp-json\/wp\/v2\/comments?post=166"}],"version-history":[{"count":21,"href":"https:\/\/mielleriecollectivedesbauges.com\/index.php\/wp-json\/wp\/v2\/pages\/166\/revisions"}],"predecessor-version":[{"id":1581,"href":"https:\/\/mielleriecollectivedesbauges.com\/index.php\/wp-json\/wp\/v2\/pages\/166\/revisions\/1581"}],"wp:attachment":[{"href":"https:\/\/mielleriecollectivedesbauges.com\/index.php\/wp-json\/wp\/v2\/media?parent=166"}],"curies":[{"name":"wp","href":"https:\/\/api.w.org\/{rel}","templated":true}]}}