{"id":157,"date":"2017-10-09T10:15:03","date_gmt":"2017-10-09T08:15:03","guid":{"rendered":"http:\/\/mielleriecollectivedesbauges.com\/?page_id=157"},"modified":"2021-04-29T23:31:19","modified_gmt":"2021-04-29T21:31:19","slug":"manuels-du-materiel","status":"publish","type":"page","link":"https:\/\/mielleriecollectivedesbauges.com\/index.php\/manuels-du-materiel\/","title":{"rendered":"Manuels du mat\u00e9riel"},"content":{"rendered":"\n<!-- G\u00e9n\u00e9ration r\u00e9alis\u00e9e avec Document Gallery. Obtenez votre version ici :http:\/\/wordpress.org\/extend\/plugins\/document-gallery -->\n<!-- Attachment IDs: 352, 351, 350, 349, 348 -->\n<div id=\"document-gallery-1\" class=\"document-gallery\" data-shortcode='{\"id\":157,\"include\":\"352,351,350,349,348\",\"exclude\":\"\",\"attachment_pg\":false,\"columns\":2,\"descriptions\":false,\"fancy\":true,\"limit\":-1,\"mime_types\":\"application,video,text,audio,image\",\"new_window\":false,\"order\":\"ASC\",\"orderby\":\"post__in\",\"paginate\":true,\"post_status\":\"any\",\"post_type\":\"attachment\",\"relation\":\"AND\",\"skip\":0}' style='--dg-icon-width: 49%'>\n<div class='document-icon-row'>\n   <div class=\"document-icon\">\n      <a href=\"https:\/\/mielleriecollectivedesbauges.com\/wp-content\/uploads\/2017\/10\/Table-tournante-et-pompe-doseuse-Notice.pdf\" target=\"_self\">\n         <img decoding=\"async\" src=\"https:\/\/mielleriecollectivedesbauges.com\/wp-content\/uploads\/2017\/10\/Table-tournante-et-pompe-doseuse-Notice-thumb.png\" title=\"Table tournante et pompe doseuse-Notice\" alt=\"Table tournante et pompe doseuse-Notice\" data-ext=\"pdf\"\/>\n         <span class=\"title\">Table tournante et pompe doseuse-Notice<\/span>\n      <\/a>\n   <\/div>\n   <div class=\"document-icon\">\n      <a href=\"https:\/\/mielleriecollectivedesbauges.com\/wp-content\/uploads\/2017\/10\/Table-tournante-Pompe-Manuel-Thomas.pdf\" target=\"_self\">\n         <img decoding=\"async\" src=\"https:\/\/mielleriecollectivedesbauges.com\/wp-content\/uploads\/2017\/10\/Table-tournante-Pompe-Manuel-Thomas-thumb.png\" title=\"Table tournante &#038; Pompe -Manuel Thomas\" alt=\"Table tournante &#038; Pompe -Manuel Thomas\" data-ext=\"pdf\"\/>\n         <span class=\"title\">Table tournante &#038; Pompe -Manuel Thomas<\/span>\n      <\/a>\n   <\/div>\n\n<\/div>\n<div class='document-icon-row'>\n   <div class=\"document-icon\">\n      <a href=\"https:\/\/mielleriecollectivedesbauges.com\/wp-content\/uploads\/2017\/10\/Sch\u00e9ma-Elect-Table-tournante-Thomas.pdf\" target=\"_self\">\n         <img decoding=\"async\" src=\"https:\/\/mielleriecollectivedesbauges.com\/wp-content\/uploads\/2017\/10\/Sch\u00e9ma-Elect-Table-tournante-Thomas-thumb.png\" title=\"Sch\u00e9ma Elect-Table tournante Thomas\" alt=\"Sch\u00e9ma Elect-Table tournante Thomas\" data-ext=\"pdf\"\/>\n         <span class=\"title\">Sch\u00e9ma Elect-Table tournante Thomas<\/span>\n      <\/a>\n   <\/div>\n   <div class=\"document-icon\">\n      <a href=\"https:\/\/mielleriecollectivedesbauges.com\/wp-content\/uploads\/2017\/10\/Pompe-doseuse-Manuel-Nassenheider.pdf\" target=\"_self\">\n         <img decoding=\"async\" src=\"https:\/\/mielleriecollectivedesbauges.com\/wp-content\/uploads\/2017\/10\/Pompe-doseuse-Manuel-Nassenheider-thumb.png\" title=\"Pompe doseuse-Manuel Nassenheider\" alt=\"Pompe doseuse-Manuel Nassenheider\" data-ext=\"pdf\"\/>\n         <span class=\"title\">Pompe doseuse-Manuel Nassenheider<\/span>\n      <\/a>\n   <\/div>\n\n<\/div>\n<div class='document-icon-row'>\n   <div class=\"document-icon\">\n      <a href=\"https:\/\/mielleriecollectivedesbauges.com\/wp-content\/uploads\/2017\/10\/Parametres-Bobinage-impression-\u00e9tiquettes-.pdf\" target=\"_self\">\n         <img decoding=\"async\" src=\"https:\/\/mielleriecollectivedesbauges.com\/wp-content\/uploads\/2017\/10\/Parametres-Bobinage-impression-\u00e9tiquettes-thumb.png\" title=\"Param\u00e8tres Bobinage-impression \u00e9tiquettes\" alt=\"Param\u00e8tres Bobinage-impression \u00e9tiquettes\" data-ext=\"pdf\"\/>\n         <span class=\"title\">Param\u00e8tres Bobinage-impression \u00e9tiquettes<\/span>\n      <\/a>\n   <\/div>\n\n<\/div>\n<\/div>\n","protected":false},"excerpt":{"rendered":"","protected":false},"author":1,"featured_media":0,"parent":0,"menu_order":0,"comment_status":"closed","ping_status":"closed","template":"","meta":{"_exactmetrics_skip_tracking":false,"_exactmetrics_sitenote_active":false,"_exactmetrics_sitenote_note":"","_exactmetrics_sitenote_category":0,"footnotes":""},"class_list":["post-157","page","type-page","status-publish","hentry"],"jetpack_sharing_enabled":true,"_links":{"self":[{"href":"https:\/\/mielleriecollectivedesbauges.com\/index.php\/wp-json\/wp\/v2\/pages\/157","targetHints":{"allow":["GET"]}}],"collection":[{"href":"https:\/\/mielleriecollectivedesbauges.com\/index.php\/wp-json\/wp\/v2\/pages"}],"about":[{"href":"https:\/\/mielleriecollectivedesbauges.com\/index.php\/wp-json\/wp\/v2\/types\/page"}],"author":[{"embeddable":true,"href":"https:\/\/mielleriecollectivedesbauges.com\/index.php\/wp-json\/wp\/v2\/users\/1"}],"replies":[{"embeddable":true,"href":"https:\/\/mielleriecollectivedesbauges.com\/index.php\/wp-json\/wp\/v2\/comments?post=157"}],"version-history":[{"count":6,"href":"https:\/\/mielleriecollectivedesbauges.com\/index.php\/wp-json\/wp\/v2\/pages\/157\/revisions"}],"predecessor-version":[{"id":1019,"href":"https:\/\/mielleriecollectivedesbauges.com\/index.php\/wp-json\/wp\/v2\/pages\/157\/revisions\/1019"}],"wp:attachment":[{"href":"https:\/\/mielleriecollectivedesbauges.com\/index.php\/wp-json\/wp\/v2\/media?parent=157"}],"curies":[{"name":"wp","href":"https:\/\/api.w.org\/{rel}","templated":true}]}}